4 a multiple of 23?
False
Is 643576 a multiple of 4?
True
Does 15 divide 488176?
False
Does 76 divide 272381?
False
Is 183820 a multiple of 13?
True
Is 25257 a multiple of 16?
False
Does 30 divide 147801?
False
Is 7 a factor of 149695?
True
Does 100 divide 73400?
True
Is 32 a factor of 4710005?
False
Is 1102401 a multiple of 27?
False
Is 12 a factor of 1302438?
False
Is 600470 a multiple of 739?
False
Is 51 a factor of 14500001?
False
Is 431 a factor of 212052?
True
Is 2047284 a multiple of 4?
True
Does 262 divide 152794?
False
Is 1533017 a multiple of 30?
False
Does 39 divide 2964?
True
Does 5 divide 39564?
False
Does 18 divide 4198320?
True
Does 398 divide 722370?
True
Is 25 a factor of 8812703?
False
Is 346890 a multiple of 10?
True
Is 3083678 a multiple of 579?
False
Does 70 divide 2885470?
True
Is 468 a factor of 987480?
True
Is 10581766 a multiple of 169?
True
Does 13 divide 4684310?
False
Is 321845 a multiple of 5?
True
Is 4605502 a multiple of 121?
True
Is 22176 a multiple of 16?
True
Is 3942120 a multiple of 285?
True
Is 105 a factor of 114345?
True
Does 320 divide 278400?
True
Is 8 a factor of 99766?
False
Is 704 a multiple of 11?
True
Is 293 a factor of 8628557?
True
Is 41 a factor of 34072?
False
Does 1047 divide 11234096?
False
Is 105227 a multiple of 113?
False
Does 13 divide 1738376?
False
Does 12 divide 9041479?
False
Is 174 a factor of 663325?
False
Does 409 divide 2703081?
True
Is 211177 a multiple of 48?
False
Is 63262 a multiple of 94?
True
Is 4168707 a multiple of 5?
False
Does 6 divide 13440?
True
Is 24 a factor of 5952?
True
Is 3 a factor of 3598121?
False
Is 532 a factor of 3883793?
False
Is 668520 a multiple of 40?
True
Does 28 divide 7855918?
False
Is 64 a factor of 123406?
False
Is 39 a factor of 7905974?
False
Is 13 a factor of 135607?
False
Is 89 a factor of 682472?
False
Does 71 divide 400441?
False
Does 167 divide 15148069?
True
Is 24580331 a multiple of 176?
False
Does 11 divide 906662?
False
Does 9 divide 1493820?
True
Is 4245879 a multiple of 9?
False
Is 4002929 a multiple of 1515?
False
Is 4683329 a multiple of 161?
True
Is 1143250 a multiple of 5?
True
Is 1197275 a multiple of 15?
False
Does 204 divide 5495760?
True
Does 21 divide 496572?
False
Is 241280 a multiple of 52?
True
Is 6002821 a multiple of 21?
False
Is 16 a factor of 1936944?
True
Is 12219791 a multiple of 1027?
False
Is 1340065 a multiple of 94?
False
Is 165 a factor of 496763?
False
Is 11 a factor of 845732?
False
Is 2056 a multiple of 17?
False
Is 25904 a multiple of 21?
False
Is 183768 a multiple of 19?
True
Does 166 divide 1954650?
True
Is 5 a factor of 1321950?
True
Is 17419140 a multiple of 87?
True
Does 626 divide 6886?
True
Is 466 a factor of 151450?
True
Is 675805 a multiple of 65?
True
Is 2851232 a multiple of 293?
False
Is 922239 a multiple of 190?
False
Is 127312 a multiple of 436?
True
Is 302 a factor of 56172?
True
Is 224024 a multiple of 99?
False
Is 104 a factor of 108646?
False
Is 81 a factor of 46089?
True
Does 139 divide 3495155?
True
Does 28 divide 26704409?
False
Is 205 a factor of 196800?
True
Does 27 divide 54715?
False
Is 1424126 a multiple of 19?
True
Does 43 divide 58308?
True
Is 46 a factor of 13798434?
False
Is 279 a factor of 115111?
False
Is 1234984 a multiple of 802?
False
Is 7 a factor of 890316?
True
Does 21 divide 244352?
False
Does 32 divide 140730?
False
Is 13 a factor of 2015078?
True
Is 212448 a multiple of 13?
False
Is 43886 a multiple of 78?
False
Is 162595 a multiple of 10?
False
Does 17 divide 1009226?
False
Is 3 a factor of 145980?
True
Is 13266252 a multiple of 18?
True
Is 601 a factor of 394100?
False
Is 30816 a multiple of 21?
False
Is 151408 a multiple of 4?
True
Is 37 a factor of 198521?
False
Is 17 a factor of 176183?
False
Is 1160434 a multiple of 22?
True
Does 288 divide 1343710?
False
Is 305 a factor of 6744276?
False
Is 37 a factor of 251896?
True
Does 840 divide 12853278?
False
Is 167 a factor of 64963?
True
Is 929334 a multiple of 98?
True
Does 79 divide 1840463?
True
Is 66810 a multiple of 131?
True
Does 878 divide 742788?
True
Is 1129 a factor of 11059684?
True
Is 15862 a multiple of 22?
True
Is 168 a factor of 1104264?
True
Does 5 divide 190805?
True
Is 1905739 a multiple of 741?
False
Is 1822722 a multiple of 33?
True
Is 52953 a multiple of 728?
False
Is 2494969 a multiple of 137?
False
Does 38 divide 64106?
True
Is 24 a factor of 64815?
False
Is 25229 a multiple of 20?
False
Is 45223 a multiple of 187?
False
Is 317772 a multiple of 273?
True
Is 309658 a multiple of 3?
False
Is 309 a factor of 5357570?
False
Is 14911876 a multiple of 342?
False
Does 45 divide 107765?
False
Does 368 divide 3376356?
False
Is 78839 a multiple of 27?
False
Does 239 divide 717?
True
Is 2046 a factor of 2518011?
False
Is 1365259 a multiple of 287?
True
Does 12 divide 1181760?
True
Is 83 a factor of 341214?
False
Does 28 divide 501452?
True
Is 736368 a multiple of 208?
False
Is 5530090 a multiple of 117?
False
Does 20 divide 376697?
False
Does 57 divide 12504?
False
Is 7561 a multiple of 27?
False
Is 190013 a multiple of 139?
True
Is 261 a factor of 661635?
True
Is 43460 a multiple of 820?
True
Is 13 a factor of 183971?
False
Is 1166628 a multiple of 191?
True
Is 12285645 a multiple of 9?
False
Is 24 a factor of 94056?
True
Is 42 a factor of 5258786?
False
Does 3 divide 3371882?
False
Does 3 divide 85684?
False
Does 9 divide 487413?
True
Is 72195 a multiple of 5?
True
Does 3 divide 68719?
False
Is 2735840 a multiple of 262?
False
Is 452700 a multiple of 60?
True
Is 37 a factor of 1367261?
True
Does 484 divide 2886092?
True
Is 142 a factor of 15499016?
True
Is 236007 a multiple of 27?
True
Is 2052056 a multiple of 716?
True
Does 117 divide 3206990?
False
Does 4 divide 184210?
False
Does 49 divide 498941?
False
Is 15 a factor of 154755?
True
Is 130384 a multiple of 232?
True
Is 704973 a multiple of 7?
False
Is 106709 a multiple of 17?
True
Is 23 a factor of 213627?
False
Is 101840 a multiple of 67?
True
Does 13 divide 297596?
True
Does 101 divide 1161462?
False
Is 7 a factor of 6610879?
False
Is 127270 a multiple of 65?
True
Is 204693 a multiple of 187?
False
Is 1631338 a multiple of 17?
False
Does 193 divide 624934?
True
Is 613440 a multiple of 213?
True
Is 113871 a multiple of 3?
True
Is 646912 a multiple of 38?
True
Is 64415 a multiple of 122?
False
Does 7 divide 5509?
True
Is 142726 a multiple of 259?
False
Does 7 divide 543240?
False
Does 4 divide 9959?
False
Is 2164881 a multiple of 193?
True
Is 431 a factor of 54843?
False
Is 8434176 a multiple of 199?
False
Does 1116 divide 883439?
False
Does 15 divide 53625?
True
Does 2007 divide 2799765?
True
Is 17 a factor of 3494350?
True
Does 18 divide 859277?
False
Is 1422531 a multiple of 57?
False
Is 1213742 a multiple of 31?
False
Is 98 a factor of 136220?
True
Is 1354 a multiple of 3?
False
Is 14 a factor of 84917?
False
Does 36 divide 10507608?
True
Is 1191 a factor of 4472205?
True
Does 87 divide 1583484?
False
Does 461 divide 15213?
True
Is 19396 a multiple of 9?
False
Is 16 a factor of 1174256?
True
Does 74 divide 52022?
True
Is 107 a factor of 4370847?
False
Is 92 a factor of 90528?
True
Is 10713 a multiple of 199?
False
Is 2260028 a multiple of 51?
False
Does 998 divide 8920124?
True
Does 7 divide 18753?
True
Is 4681416 a multiple of 15?
False
Is 194316 a multiple of 45?
False
Is 209160 a multiple of 315?
True
Does 65 divide 1738966?
False
Is 171 a factor of 249318?
True
Does 36 divide 162756?
True
Does 117 divide 13221?
True
Is 447 a factor of 862?
False
Does 241 divide 3078802?
False
Is 499 a factor of 101605?
False
Is 1063860 a multiple of 34?
True
Is 1576000 a multiple of 125?
True
Does 28 divide 2868936?
True
Is 369372 a multiple of 12?
True
Does 13 divide 34945?
False
Is 1018995 a multiple of 15?
True
Does 81 divide 437653?
False
Is 2425591 a multiple of 827?
True
Is 6 a factor of 180554?
False
Is 2833210 a multiple of 303?
False
Does 197 divide 259980?
False
Does 3 divide 2287?
False
Is 2797498 a multiple of 1319?
False
Does 25 divide 33309?
False
Is 150003 a multiple of 21?
True
Is 12 a factor of 737616?
True
Does 9 divide 314950?
False
Does 12 divide 2270380?
False
Is 73 a factor of 209005?
False
Is 1504871 a multiple of 43?
True
Is 23 a fact